 prime factors of l.
2, 3
Let r = -13 + 6. List the prime factors of ((-12)/14)/(1/r).
2, 3
List the prime factors of (2/4)/((-3)/(-114)).
19
Let f(r) = r + 3. Let l be f(6). Let y = l - 4. Let x = y + -2. List the prime factors of x.
3
Let w = 85 - 53. Suppose 0 = 3*j + j - w. List the prime factors of j.
2
Suppose 5*f - 4*v - 48 = 0, 0 = 4*f - f - 4*v - 32. Let l(g) = g - 2. Let b be l(f). Suppose -b = 4*u + 6, -2*u = 4*k - 38. What are the prime factors of k?
11
Suppose -3*s + 4*n + 47 = 0, 0*n = 5*s + n - 40. Let i be 11/3 - (-2)/(-3). Suppose -j = x - i, -2*j + 2 + s = x. List the prime factors of j.
2
What are the prime factors of (157 + -6)/(3/(9/3))?
151
Let q be (4/2)/((-6)/(-33)). Suppose 13 = 4*t - q. List the prime factors of t.
2, 3
Let p(h) = 2*h**3 - 5*h**2 - 3*h + 2. List the prime factors of p(4).
2, 19
Let i(a) be the first derivative of -13*a - 2 - 6*a**2 - 1/3*a**3. What are the prime factors of i(-9)?
2, 7
Let k(s) = 49*s**2 - 2*s - 1. What are the prime factors of k(-1)?
2, 5
Let l = -4 - -8. Suppose 0 = 4*s + s - r - 676, l*r - 288 = -2*s. List the prime factors of s/20 - 1/(-5).
7
Let h(q) = -q**3 - 10*q**2 + 8*q - 15. Let p be h(-11). Let f be (-4)/p - 174/(-54). Suppose 4*m + 8*t - 3*t = 33, 2*m - 15 = -f*t. List the prime factors of m.
2, 3
Suppose -2*j + 0*h + 10 = -h, 2*j - 4*h - 22 = 0. Let q be (-130)/(-18) + 2/(-9). Let l = q + j. What are the prime factors of l?
2, 5
Let a(l) be the third derivative of -l**5/60 + l**4/8 + l**3/6 + 3*l**2. Let z be a(2). Suppose -5*s + z*s + 28 = 0. List the prime factors of s.
2, 7
List the prime factors of (-5)/2 + 915/6.
2, 3, 5
Let y = -22 + 38. Suppose -3*p - 6 = -3*r, -2*p + y = r + 2*r. List the prime factors of p.
2
Let f be (-20)/(-2 - 8/(-6)). Let w be (-64)/10 - (-12)/f. What are the prime factors of (-1 - -2 - 2)*w?
2, 3
What are the prime factors of 10*(-475)/(-70) - 1/(-7)?
2, 17
Suppose 0 = w + w + 10. Let y(n) = 0*n**2 + n**3 + 2 + 4*n**2 - 9 - 7*n. What are the prime factors of y(w)?
3
Suppose x = 7 + 2. Suppose l = -4, 2*n + x*l - 4*l - 16 = 0. Suppose 2*g - n = -2*v, -25 = -2*g + v + 4*v. What are the prime factors of g?
2, 5
Let f = -3 - 7. Let x be (-4)/f + 504/(-10). What are the prime factors of ((-12)/(-5))/((-15)/x)?
2
Let z(a) = -17*a + 4. Suppose 0 = 5*y + 34 - 14. Let o be z(y). Suppose o = 5*d + 22. What are the prime factors of d?
2, 5
Let i(l) = -2*l + 14. What are the prime factors of i(-11)?
2, 3
Let l(d) = -3*d**3 - 2*d**2 - d. Let v be l(-1). Let i(g) = g**3 - 9*g**2 + 9*g - 10. Let y be i(8). Let f = v - y. List the prime factors of f.
2
Let a = 5 - 0. Suppose -2*d + a = -1. Let i = 6 + d. What are the prime factors of i?
3
Let f(u) = u**2 - 6*u - 6. What are the prime factors of f(8)?
2, 5
Let l(d) be the second derivative of -d**3/6 + 2*d**2 - 3*d. List the prime factors of l(-3).
7
Suppose 3 = -0*w + w. Suppose r - 80 = -w*r. Suppose 65 = 5*n + r. What are the prime factors of n?
3
What are the prime factors of 2 - 1 - (-72 + (-4)/(-4))?
2, 3
Let i(z) = -2 - 2*z - z - 2*z. Let v be i(-4). What are the prime factors of (v/15)/(2/10)?
2, 3
Let l(q) = q**3 - 3*q**2 + 3*q. What are the prime factors of l(3)?
3
Suppose y + 388 = 5*y + 3*r, 5*y + 2*r - 485 = 0. What are the prime factors of y?
97
Let t(f) = 5*f**2. Let v be t(1). Let d(s) = 10*s + 6. Let r be d(v). Suppose -4*w + 8*w - r = 0. What are the prime factors of w?
2, 7
Let r = 84 + -17. List the prime factors of r.
67
Let l = 11 - -24. List the prime factors of l.
5, 7
Let z be (-8)/6*(-8 - -2). Suppose 3*w = w + z. What are the prime factors of w?
2
Let z(g) be the third derivative of g**6/120 - g**5/20 - 5*g**4/24 + 2*g**3/3 + 2*g**2. Let v be z(4). Suppose -4*h + 5 + 7 = v. List the prime factors of h.
3
Suppose -3*t = 2*b - 14, -b + 3*t + 14 = 4*b. Suppose b*j + v - 13 = 0, -5*j + 0*v + 12 = -3*v. List the prime factors of j.
3
Let l = 75 - 6. List the prime factors of l.
3, 23
Let i = 6 + -4. Suppose i*a - 55 = -3*a. List the prime factors of a.
11
Let z be (0 - 20) + 0/(-2). Let o = z + 12. What are the prime factors of o/((-1)/(6/4))?
2, 3
Let g(c) = -10*c - 10. Suppose -4*b = b + 15. List the prime factors of g(b).
2, 5
Suppose 0 = -5*f + 4*f - 4. List the prime factors of 41 - (f - (-4 - -3)).
2, 11
Let q be (-2)/8 + (-26)/(-8). Let v(a) = -a + 12. Let j be v(9). Suppose -j*m - 3*z = -15, m - q*z = 2*z + 29. What are the prime factors of m?
3
Let w(u) = u**2 + 3*u + 2. Let n be w(-2). Suppose 11 = -0*i + 2*i - 5*a, n = -i + 3*a + 6. List the prime factors of (6/(-4))/(i/(-16)).
2
Let a = 171 + -102. What are the prime factors of a?
3, 23
Let x be 4/14 + 366/(-7). Let w = -21 - x. List the prime factors of w.
31
Let z = 78 - 29. What are the prime factors of z?
7
Suppose 18 = x - 13. Let n(b) = 21*b - 1. Let l be n(1). Let w = x - l. List the prime factors of w.
11
Let p be 30/10 - (0 + 1). Suppose -28 = -2*s - p. List the prime factors of s.
13
Suppose 4*q = -5*z - 45, -3*z - 11 = -q - 1. Let s = -5 - z. Suppose s = 5*o - 0 - 10. What are the prime factors of o?
2
Suppose 2*b = -0 + 8. List the prime factors of (b - 3) + 3*1.
2
Let r be 8/36 - (-374)/18. Suppose -36 = -4*m - 5*f + r, 4*f = 2*m + 4. List the prime factors of m.
2
Suppose 4*j + 0*j - 972 = 0. What are the prime factors of j?
3
Let n(k) = k**3 - 5*k**2 + 5*k - 1. Let f be n(4). Suppose 1 = -l + f. List the prime factors of l.
2
Let h(f) = 2*f**2 - 6*f - 14. List the prime factors of h(6).
2, 11
Suppose 2*s + 2*s - 2*b - 394 = 0, 0 = -2*s - 5*b + 179. What are the prime factors of s?
97
Suppose 135*r = 138*r - 504. What are the prime factors of r?
2, 3, 7
Suppose -4*f = -3*l + 8, -3*f + 4*f + 2 = 4*l. Suppose -3*p + p + 28 = l. What are the prime factors of p?
2, 7
Let j be ((-3 + 3)/2)/(-1). Suppose j*p + 4*x = p - 30, -32 = -p + 5*x. List the prime factors of p.
2, 11
Let i = 89 + -80. What are the prime factors of i?
3
Suppose -b + f = -82, -3*f + 13 + 2 = 0. List the prime factors of b.
3, 29
Suppose -x - 4*x + 2*c + 101 = 0, -2*x + 29 = 3*c. Suppose -3*v + x = -11. Suppose -4*p = -2*m + v, -m - m - p + 15 = 0. List the prime factors of m.
7
Let v be (2/(-1))/(10/(-135)). Let m = v + -9. List the prime factors of m.
2, 3
Suppose 0 = 16*n - 10*n - 372. List the prime factors of n.
2, 31
Let z(o) = -o**3 + o**2 + 4*o - 3. Let q be z(3). List the prime factors of -3 + 3/(q/(-33)).
2
Let w(d) be the first derivative of 10*d - 2 + 1/2*d**2. What are the prime factors of w(-8)?
2
Let p = -66 + 37. Let q = p - -40. Suppose -3*l - 4*m = -60, l + 3*m - q = 9. List the prime factors of l.
2, 5
Let g(l) = 3*l**2 - 46*l - 13. What are the prime factors of g(20)?
3, 89
Suppose 0 = 5*m + 2 - 32. Let l be (0 + 1)*(6 - m). List the prime factors of (-5 - -4)*(l + -6).
2, 3
Suppose 3*o + 20 = -2*o - 2*z, -3*o = -4*z - 14. List the prime factors of (-36)/(-24)*(-8)/o.
2, 3
Let h = 26 - 13. Let w = 4 - -1. Let v = h + w. List the prime factors of v.
2, 3
What are the prime factors of ((-1)/(-1))/((-3)/(-105))?
5, 7
Suppose -6*u + 90 = -3*u. List the prime factors of u.
2, 3, 5
Let z = 44 + -27. List the prime factors of z.
17
Let z be (18/4)/((-18)/(-192)). Suppose 2*g + z = 6*g. Let i = g + -5. List the prime factors of i.
7
Let q(o) = -6*o - 35. Let u(r) = r + 1. Let m(p) = -q(p) - 5*u(p). List the prime factors of m(15).
3, 5
Let v be 2*4/8*-15. List the prime factors of 198/10 - 3/v.
2, 5
Let l = 3 + 21. List the prime factors of l.
2, 3
Let c = 18 - -149. What are the prime factors of c?
167
Suppose -3*p - 21 = -f + 2*f, -4*f - 42 = 5*p. List the prime factors of -21*(8/p - -1).
7
Let v = -8 + 23. List the prime factors of v.
3, 5
Suppose -b + 4*x = 21, 5*x - 51 + 21 = 5*b. Let y = 3 + b. List the prime factors of y.
2
Suppose 0 = -3*d - 5*f + 7, 0 = 3*d - 0*f + f + 13. Let h(t) = -t**3 - 6*t**2 + 2. List the prime factors of h(d).
2
Suppose 0 = -2*u - 2*u + 3*p + 17, 2 = -u + 2*p. What are the prime factors of u?
2
Let z = 30 + -15. Suppose 166 - z = 3*h + 5*m, 3*h - 2*m = 179. List the prime factors of h.
3, 19
Let g = -9 + 2. Let w(s) = -s**3 - 6*s**2 + 6*s - 5. What are the prime factors of w(g)?
2
Suppose p = -0*p + 4*w + 1, 0 = -4*p + 2*w - 52. Let k = p + 11. Let z(i) = -4*i + 3. What are the prime factors of z(